 18578?
False
Is 12 a factor of 3567?
False
Is 6 a factor of 178?
False
Is 361 a factor of 70034?
True
Does 43 divide 1039?
False
Does 3 divide 6094?
False
Is 54 a multiple of 3?
True
Is 33 a factor of 435?
False
Does 83 divide 30278?
False
Is 1076 a multiple of 11?
False
Does 238 divide 37496?
False
Is 4704 a multiple of 5?
False
Is 6635 a multiple of 8?
False
Is 11 a factor of 2720?
False
Is 24727 a multiple of 79?
True
Is 122 a factor of 8620?
False
Is 1703 a multiple of 6?
False
Is 1390 a multiple of 5?
True
Does 9 divide 13347?
True
Is 5500 a multiple of 12?
False
Is 1239 a multiple of 59?
True
Is 18 a factor of 19596?
False
Is 8 a factor of 1869?
False
Is 3774 a multiple of 17?
True
Is 35023 a multiple of 21?
False
Is 220 a multiple of 4?
True
Is 46 a factor of 94668?
True
Is 4600 a multiple of 3?
False
Is 4 a factor of 244?
True
Is 8753 a multiple of 113?
False
Is 85 a factor of 3137?
False
Does 18 divide 1283?
False
Does 78 divide 7448?
False
Is 19 a factor of 2702?
False
Is 10796 a multiple of 19?
False
Is 450 a multiple of 50?
True
Is 253 a factor of 46469?
False
Is 4680 a multiple of 15?
True
Is 57 a factor of 399?
True
Does 20 divide 1260?
True
Is 1144 a multiple of 8?
True
Does 29 divide 3132?
True
Is 1029 a multiple of 21?
True
Does 28 divide 476?
True
Is 1144 a multiple of 8?
True
Is 72925 a multiple of 225?
False
Is 82 a factor of 15405?
False
Is 274 even?
True
Does 17 divide 268?
False
Is 12 a factor of 168?
True
Does 22 divide 2860?
True
Is 545 a multiple of 15?
False
Is 81 a factor of 1224?
False
Is 535 a multiple of 5?
True
Does 41 divide 246?
True
Is 80247 a multiple of 110?
False
Is 2 a factor of 1499?
False
Is 2082 a multiple of 2?
True
Is 9 a factor of 9468?
True
Is 247 even?
False
Is 56 a factor of 8120?
True
Is 1440 a multiple of 74?
False
Is 56760 a multiple of 37?
False
Does 21 divide 33901?
False
Is 6 a factor of 2500?
False
Is 113 a factor of 21922?
True
Does 14 divide 3248?
True
Does 275 divide 11825?
True
Is 31553 a multiple of 227?
True
Is 2496 a multiple of 38?
False
Is 173 a multiple of 6?
False
Is 129 a multiple of 8?
False
Is 41 a factor of 4797?
True
Does 7 divide 34850?
False
Is 29 a factor of 28232?
False
Is 1367 a multiple of 10?
False
Is 16560 a multiple of 10?
True
Does 7 divide 793?
False
Does 46 divide 322?
True
Is 74 a factor of 222?
True
Is 579 a multiple of 58?
False
Is 126 a factor of 10563?
False
Is 16 a factor of 1600?
True
Is 3 a factor of 2679?
True
Is 15312 a multiple of 348?
True
Does 16 divide 6477?
False
Is 15 a factor of 14865?
True
Does 20 divide 1346?
False
Is 6333 a multiple of 51?
False
Is 10 a factor of 11410?
True
Is 634 a multiple of 54?
False
Does 5 divide 13239?
False
Is 189236 a multiple of 12?
False
Is 342 a multiple of 19?
True
Is 29 a factor of 26332?
True
Is 8312 a multiple of 63?
False
Is 138 a factor of 3820?
False
Does 51 divide 1078?
False
Is 60 a factor of 380?
False
Is 589 a multiple of 2?
False
Is 13 a factor of 713?
False
Is 114 a factor of 34553?
False
Is 7 a factor of 1808?
False
Is 2915 a multiple of 55?
True
Is 24528 a multiple of 16?
True
Does 205 divide 20295?
True
Is 36 a factor of 7524?
True
Is 3780 a multiple of 30?
True
Is 1554 a multiple of 10?
False
Is 348 a multiple of 12?
True
Is 12 a factor of 123?
False
Is 15 a factor of 2160?
True
Is 15 a factor of 941?
False
Does 117 divide 6186?
False
Does 9 divide 1908?
True
Does 347 divide 72523?
True
Is 3120 a multiple of 60?
True
Is 166236 a multiple of 12?
True
Is 165168 a multiple of 31?
True
Is 405 a multiple of 12?
False
Is 54027 a multiple of 23?
True
Is 8 a factor of 954?
False
Is 5 a factor of 2019?
False
Does 16 divide 14025?
False
Is 12 a factor of 5435?
False
Is 89 a factor of 1068?
True
Is 64 a factor of 1664?
True
Does 34 divide 1797?
False
Is 53 a factor of 723?
False
Is 50 a factor of 1550?
True
Does 66 divide 1848?
True
Is 2110 a multiple of 5?
True
Is 2 a factor of 213?
False
Is 56 a factor of 29762?
False
Is 108 a factor of 2592?
True
Is 7 a factor of 22876?
True
Is 15 a factor of 525?
True
Is 57 a factor of 2508?
True
Is 29601 a multiple of 43?
False
Is 1528 a multiple of 55?
False
Is 173 a multiple of 6?
False
Is 2003 a multiple of 75?
False
Is 480 a multiple of 10?
True
Is 8 a factor of 433?
False
Is 130 a factor of 9880?
True
Is 3016 a multiple of 8?
True
Is 42 a multiple of 7?
True
Is 51 a factor of 61404?
True
Is 16 a multiple of 8?
True
Is 347 a factor of 46151?
True
Is 2661 a multiple of 56?
False
Does 12 divide 23508?
True
Is 17596 a multiple of 14?
False
Does 14 divide 755?
False
Does 9 divide 14166?
True
Does 381 divide 80772?
True
Does 43 divide 5907?
False
Is 20 a factor of 520?
True
Is 80 a factor of 1730?
False
Is 469 a multiple of 9?
False
Is 27 a factor of 29074?
False
Is 4116 a multiple of 14?
True
Is 200 a multiple of 4?
True
Is 916 a multiple of 23?
False
Is 169 a multiple of 3?
False
Does 245 divide 45261?
False
Is 6 a factor of 710?
False
Does 8 divide 2573?
False
Is 5 a factor of 239?
False
Is 5484 even?
True
Is 34 a factor of 18555?
False
Is 440 a multiple of 55?
True
Is 23 a factor of 437?
True
Is 28 a factor of 701?
False
Is 29 a multiple of 2?
False
Does 16 divide 14080?
True
Is 14 a factor of 5983?
False
Does 6 divide 276?
True
Does 8 divide 28624?
True
Is 3 a factor of 627?
True
Is 8722 a multiple of 49?
True
Is 594 a multiple of 2?
True
Is 1261 a multiple of 7?
False
Is 3 a factor of 516?
True
Is 4 a factor of 189?
False
Does 91 divide 33033?
True
Is 16 a factor of 2128?
True
Is 19 a factor of 19?
True
Is 1658 a multiple of 12?
False
Does 72 divide 328?
False
Is 12 a factor of 716?
False
Is 1603 a multiple of 17?
False
Does 111 divide 22519?
False
Is 6 a factor of 19746?
True
Is 14 a factor of 34157?
False
Is 67800 a multiple of 23?
False
Is 37022 a multiple of 102?
False
Is 1985 a multiple of 61?
False
Is 2 a factor of 82?
True
Does 90 divide 9900?
True
Is 6142 a multiple of 166?
True
Is 1908 a multiple of 103?
False
Does 19 divide 1463?
True
Does 57 divide 31848?
False
Is 324 a multiple of 19?
False
Is 7247 a multiple of 70?
False
Is 10 a factor of 9972?
False
Is 16 a factor of 20645?
False
Does 12 divide 3228?
True
Does 2 divide 7930?
True
Does 18 divide 219?
False
Does 12 divide 2432?
False
Is 1242 a multiple of 27?
True
Does 32 divide 2015?
False
Is 65 a factor of 1274?
False
Is 11 a factor of 5782?
False
Does 24 divide 360?
True
Is 15 a factor of 574?
False
Is 1425 a multiple of 25?
True
Is 21 a factor of 420?
True
Is 17555 a multiple of 75?
False
Does 45 divide 37710?
True
Does 209 divide 1881?
True
Is 4 a factor of 2976?
True
Does 40 divide 652?
False
Is 22 a factor of 2876?
False
Is 597 a multiple of 21?
False
Is 21 a factor of 1071?
True
Is 149 a multiple of 3?
False
Is 7988 a multiple of 9?
False
Is 741 even?
False
Does 62 divide 121194?
False
Is 6 a factor of 723?
False
Does 130 divide 1847?
False
Is 560 a multiple of 14?
True
Is 328 a multiple of 27?
False
Is 58 a factor of 17767?
False
Is 68656 a multiple of 28?
True
Is 954 a multiple of 101?
False
Is 4 a factor of 276?
True
Is 172 a factor of 60200?
True
Is 15 a factor of 117?
False
Does 149 divide 9387?
True
Is 7200 a multiple of 10?
True
Is 34 a factor of 1119?
False
Is 11 a factor of 511?
False
Is 4 a factor of 6168?
True
Is 44 a factor of 7172?
True
Does 57 divide 4381?
False
Is 72 a multiple of 3?
True
Is 12 a factor of 12492?
True
Does 12 divide 1413?
False
Is 1263 a multiple of 26?
False
Does 15 divide 960?
True
Is 137 a multiple of 7?
False
Is 8 a factor of 10784?
True
Is 6 a factor of 625?
False
Is 3999 a multiple of 10?
False
Is 684 a multiple of 18?
True
Does 22 divide 150691?
False
Is 13540 a multiple of 27?
False
Does 5 divide 1113?
False
Is 22 a factor of 164?
False
Does 14 divide 62238?
False
Is 21845 a multiple of 17?
True
Is 96 a factor of 6240?
True
Is 2009 a multiple of 12?
False
Is 12 a factor of 648?
True
Does 15 divide 6291?
False
Is 3910 a multiple of 34?
True
Is 20790 a multiple of 22?
True
Does 4 divide 208?
True
Is 418 a multiple of 19?
True
Is 2482 a multiple of 5?
False
Is 20932 a multiple of 17?
False
Is 40 a factor of 2160?
True
Is 13 a factor of 8359?
True
Is 36 a factor of 821?
False
Is 582 a multiple of 36?
False
Is 8 a factor of 15936?
True
Is 67 a factor of 8